337?
False
Does 32 divide 22561733?
False
Is 38 a factor of 2734234?
False
Is 771591 a multiple of 933?
True
Is 17935522 a multiple of 22?
True
Is 43613 a multiple of 27?
False
Is 59 a factor of 37347?
True
Does 1024 divide 1041751?
False
Is 9782072 a multiple of 136?
True
Is 8 a factor of 1532744?
True
Is 64194 a multiple of 26?
True
Does 25 divide 587241?
False
Does 9 divide 2327076?
True
Is 13 a factor of 194558?
True
Is 385307 a multiple of 9?
False
Does 31 divide 222480?
False
Does 5 divide 3272030?
True
Does 15 divide 265127?
False
Does 615 divide 241080?
True
Does 262 divide 122447?
False
Is 2686974 a multiple of 706?
False
Does 43 divide 32637?
True
Does 45 divide 471631?
False
Does 43 divide 450892?
False
Does 26 divide 4046094?
True
Does 3 divide 49306?
False
Is 407 a factor of 388685?
True
Is 103199 a multiple of 10?
False
Does 31 divide 940137?
True
Does 101 divide 15278449?
False
Is 4245070 a multiple of 688?
False
Does 25 divide 215850?
True
Is 5 a factor of 2662520?
True
Is 1151840 a multiple of 23?
True
Does 12 divide 4878108?
True
Is 4044554 a multiple of 75?
False
Is 20726604 a multiple of 106?
True
Does 111 divide 5392158?
True
Does 29 divide 193276?
False
Does 34 divide 210868?
True
Is 7 a factor of 151808?
False
Is 1277 a factor of 2259013?
True
Does 17 divide 1327547?
True
Is 39 a factor of 861042?
True
Is 25181860 a multiple of 29?
True
Is 1396783 a multiple of 3?
False
Is 32562 a multiple of 243?
True
Does 466 divide 1721398?
False
Does 15 divide 805800?
True
Does 8 divide 1456038?
False
Does 29 divide 223097?
True
Is 38 a factor of 490200?
True
Is 80 a factor of 56400?
True
Does 6 divide 194749?
False
Does 11 divide 46992?
True
Is 128 a factor of 99703?
False
Is 26 a factor of 1156636?
True
Is 28 a factor of 366492?
True
Does 330 divide 2726341?
False
Does 39 divide 5307471?
True
Is 13 a factor of 327627?
False
Does 58 divide 217442?
True
Is 448025 a multiple of 1168?
False
Is 25 a factor of 41350?
True
Does 276 divide 641424?
True
Is 21 a factor of 54444?
False
Does 13 divide 3535467?
True
Does 6 divide 61956?
True
Does 348 divide 3951888?
True
Is 584 a factor of 865561?
False
Is 6 a factor of 9796656?
True
Is 22 a factor of 67496?
True
Is 1843176 a multiple of 122?
True
Is 16 a factor of 1152768?
True
Is 5494 a multiple of 3?
False
Does 552 divide 141312?
True
Does 151 divide 1135337?
False
Is 248 a factor of 5038183?
False
Does 48 divide 332160?
True
Is 324542 a multiple of 153?
False
Does 225 divide 222635?
False
Is 5 a factor of 6309?
False
Is 81503 a multiple of 15?
False
Is 298716 a multiple of 186?
True
Is 8259828 a multiple of 249?
True
Is 271 a factor of 326826?
True
Does 9 divide 55728?
True
Is 4394500 a multiple of 50?
True
Does 243 divide 3512680?
False
Is 133 a factor of 27899986?
False
Is 28 a factor of 1546720?
True
Does 40 divide 1783040?
True
Is 370511 a multiple of 11?
False
Is 171 a factor of 2488563?
True
Is 313092 a multiple of 36?
True
Does 7 divide 423971?
False
Is 376712 a multiple of 868?
True
Is 9 a factor of 2262496?
False
Is 24 a factor of 3131246?
False
Is 6241 a multiple of 14?
False
Does 16 divide 744752?
True
Is 2633456 a multiple of 112?
True
Is 10128 a multiple of 12?
True
Is 5 a factor of 96076?
False
Does 74 divide 7992?
True
Is 8 a factor of 51448?
True
Does 37 divide 39825?
False
Does 23 divide 5264654?
True
Is 97 a factor of 5774604?
True
Is 527900 a multiple of 3?
False
Is 8 a factor of 224408?
True
Is 302421 a multiple of 8?
False
Is 202153 a multiple of 4?
False
Does 43 divide 961293?
False
Is 90 a factor of 9545?
False
Is 311 a factor of 263728?
True
Does 32 divide 386118?
False
Is 22 a factor of 4601351?
False
Is 560 a factor of 207901?
False
Does 51 divide 756957?
False
Does 161 divide 4478054?
True
Is 325 a factor of 135525?
True
Is 167459 a multiple of 23?
False
Is 678920 a multiple of 4?
True
Does 179 divide 174230?
False
Does 251 divide 7324063?
False
Does 53 divide 39538?
True
Is 89 a factor of 80163?
False
Is 50810 a multiple of 192?
False
Is 7 a factor of 1756531?
True
Does 169 divide 759763?
False
Is 219 a factor of 373321?
False
Is 32211 even?
False
Does 88 divide 1005819?
False
Is 1455535 a multiple of 108?
False
Is 820557 a multiple of 145?
False
Is 1740039 a multiple of 399?
True
Is 879458 a multiple of 122?
False
Does 24 divide 823849?
False
Does 14 divide 14873152?
True
Is 87144 a multiple of 12?
True
Does 254 divide 4711700?
True
Is 1799431 a multiple of 12?
False
Is 69398 a multiple of 3?
False
Is 224125 a multiple of 55?
True
Is 3800025 a multiple of 8?
False
Is 256 a factor of 693163?
False
Is 426148 a multiple of 293?
False
Is 3162 a multiple of 17?
True
Is 14184 a multiple of 14?
False
Is 78 a factor of 18016?
False
Does 13 divide 2773836?
True
Does 14 divide 2681153?
False
Does 20 divide 39867?
False
Does 25 divide 4594112?
False
Does 449 divide 572200?
False
Does 110 divide 852500?
True
Is 4 a factor of 433471?
False
Is 171661 a multiple of 53?
False
Is 137482 a multiple of 81?
False
Is 26773280 a multiple of 20?
True
Is 3304385 a multiple of 133?
True
Does 13 divide 43182?
False
Does 87 divide 413772?
True
Is 7735 a multiple of 17?
True
Does 270 divide 763830?
True
Is 46 a factor of 286856?
True
Is 82218 a multiple of 15?
False
Is 1098516 a multiple of 93?
True
Is 196331 a multiple of 894?
False
Does 9 divide 498474?
True
Does 37 divide 71743?
True
Is 67 a factor of 37531?
False
Does 14 divide 684805?
False
Is 1561223 a multiple of 495?
False
Does 76 divide 502816?
True
Does 25 divide 458724?
False
Is 461497 a multiple of 7?
False
Is 126129 a multiple of 388?
False
Is 67 a factor of 1058364?
False
Is 7 a factor of 503580?
True
Is 32165 a multiple of 29?
False
Is 350814 a multiple of 6?
True
Does 204 divide 126276?
True
Is 64 a factor of 3081442?
False
Does 33 divide 266578?
False
Is 24373 a multiple of 66?
False
Is 56 a factor of 14172?
False
Is 1433 a factor of 4721860?
False
Is 27 a factor of 7294842?
False
Is 21 a factor of 216258?
True
Is 7179237 a multiple of 1835?
False
Is 28 a factor of 303050?
False
Is 62 a factor of 5733264?
True
Is 170 a factor of 193970?
True
Is 19032 a multiple of 732?
True
Does 16 divide 963632?
True
Is 676704 a multiple of 96?
True
Is 8655584 a multiple of 224?
True
Does 36 divide 113036?
False
Is 57 a factor of 358207?
False
Is 13 a factor of 5166800?
False
Is 44 a factor of 1246828?
True
Does 8 divide 187256?
True
Is 182 a factor of 10000900?
True
Is 41301 a multiple of 39?
True
Does 6 divide 205311?
False
Does 16 divide 994192?
True
Is 688987 a multiple of 8?
False
Is 12400 a multiple of 38?
False
Does 29 divide 1887581?
True
Is 2847472 a multiple of 7?
False
Is 600 a factor of 532598?
False
Is 4774409 a multiple of 41?
True
Does 1019 divide 1373454?
False
Does 348 divide 20964279?
False
Is 101348 a multiple of 157?
False
Is 4345 a multiple of 101?
False
Does 24 divide 79141?
False
Is 1367460 a multiple of 9?
True
Is 14 a factor of 835240?
True
Is 2707515 even?
False
Is 579216 a multiple of 12?
True
Is 105 a factor of 85134?
False
Is 26 a factor of 491062?
True
Is 179 a factor of 160742?
True
Is 10 a factor of 2259492?
False
Is 51 a factor of 8710574?
False
Is 272 a factor of 1064897?
False
Does 234 divide 124254?
True
Is 82984 a multiple of 22?
True
Is 366 a factor of 758718?
True
Is 4482765 a multiple of 171?
True
Does 514 divide 44718?
True
Is 298396 a multiple of 28?
True
Does 64 divide 924416?
True
Does 3 divide 230545?
False
Does 405 divide 152685?
True
Is 2 a factor of 5652?
True
Is 1829520 a multiple of 70?
True
Is 12661 a multiple of 21?
False
Does 28 divide 1310204?
True
Is 323 a factor of 2197692?
True
Is 190211 a multiple of 203?
True
Is 258 a factor of 310436?
False
Is 121 a factor of 121121?
True
Is 22 a factor of 4513608?
True
Is 11 a factor of 224466?
True
Is 114 a factor of 170090?
False
Is 159 a factor of 262535?
False
Is 34 a factor of 4516645?
False
Is 60 a factor of 31505820?
True
Is 27 a factor of 25935?
False
Is 121 a factor of 72358?
True
Does 1175 divide 2068789?
False
Is 175 a factor of 2190221?
False
Is 53 a factor of 15608553?
True
Does 222 divide 570540?
True
Is 112 a factor of 43784?
False
Is 27394038 a multiple of 18?
True
Does 8 divide 39913?
False
Does 1242 divide 9681390?
True
Do